1)/(-22). Suppose p*l - 60 = l. What is the units digit of l?
2
Let c(v) = v**3 + v**2 - 11*v - 6. Suppose -2*m = -5*w + 4*w - 6, 3*w = -4*m + 32. What is the units digit of c(m)?
9
Suppose 0*a - 11 = -a. Suppose -g + a = -2*g. Let c = g - -14. What is the units digit of c?
3
Suppose 2*t + 5968 = 10*t. Suppose -3*g - v = -3*v - 454, -5*g - 2*v = -t. What is the hundreds digit of g?
1
Suppose -2*t + 3*v - 2 = 25, 2*t = -v - 47. Let u = t - -68. What is the units digit of u?
7
Suppose -11*n + 8*n + 6 = 0. Suppose 3*d = n*d. Suppose d*z - z = -30. What is the tens digit of z?
3
Suppose -2*j - 4*c + 9*c = -947, 467 = j + 4*c. What is the units digit of j?
1
Suppose 2*y + 480 = 2260. What is the tens digit of y?
9
Suppose 5*t + w = 233, -4*t - 5*w + 65 = -113. Let x = t - 18. What is the tens digit of x?
2
Suppose -l - 2*l = -15. Suppose -4*w = l*a - 3*w - 69, -w = -3*a + 35. Suppose 2*d + a = 55. What is the tens digit of d?
2
Let b(p) be the third derivative of -p**6/120 + p**5/60 + 7*p**3/3 - p**2 - 132. Let g = -1 - -1. What is the units digit of b(g)?
4
Let b = 3278 + -2033. What is the tens digit of b?
4
Let i = -36 - -38. Suppose -i*z + 7 = -9. Let b = z + 6. What is the tens digit of b?
1
Suppose 5*s = 2*n + 2, -4*n - 3 = 3*s + 1. Suppose 4*t - 4 = -s, 2*d + 5*t = 31. What is the units digit of d?
3
Let w = -59 + 32. Let g = 27 + w. Let m(h) = 3*h + 60. What is the tens digit of m(g)?
6
What is the units digit of 12556*(-10)/(-140) - 6/7?
6
Let q(w) = 40*w**2 + 3*w - 1. Let f be q(3). Suppose f = -2*d + 6*d. What is the units digit of d?
2
Let q(a) = 3*a**2 + 4*a - 5. Let i be q(2). Suppose -110 = -0*g + 5*g. What is the units digit of (g/(-5))/(3/i)?
2
Suppose 2518 + 3987 = 5*f. What is the units digit of f?
1
Suppose -y - 7 = -10. Suppose -l = 1, 52 = -3*b + 4*b + y*l. What is the tens digit of b?
5
Suppose 4*p = -20, u - 2329 = 45*p - 48*p. What is the hundreds digit of u?
3
Let d(g) = -g**3 - g**2 + g + 22. Let k be (-5)/((-20)/(-8)) + 10. Suppose k*m = 7*m. What is the tens digit of d(m)?
2
Let b(r) be the third derivative of 0 - 1/12*r**4 + 1/60*r**5 + 0*r + 1/6*r**3 - 6*r**2. What is the units digit of b(4)?
9
What is the units digit of 4*(-6 + (-18366)/(-24)) + -1?
6
Let j be (24/36)/((-2)/9). Let b(k) = 6*k**2 + 6*k - 1. What is the tens digit of b(j)?
3
Suppose 6*j + 8 = 2*j. Let w(d) = 22*d**2 - 5*d - 1. What is the tens digit of w(j)?
9
Let y = -15 - -11. Suppose -u - 4 = -8. What is the units digit of (32 - (u + y))/1?
2
What is the tens digit of (17/(1428/(-4095)))/((-1)/68)?
1
Let u(o) = o + 1. Let v be u(4). Suppose v*s - 28 + 13 = 0. Suppose -108 = -0*q - s*q. What is the units digit of q?
6
Suppose 4*u - 42 + 142 = 0. Let o = -18 - u. Suppose 0 = -o*c + 6*c + 38. What is the units digit of c?
8
Suppose -5*f = -j - 3619, -4*f - 4*j + 1500 = -1400. What is the tens digit of f?
2
Let s be (-3)/(((-3)/3)/1). Let x(n) = -n**2 - 8*n - 3. Let o be x(-3). Suppose k + s*k = o. What is the units digit of k?
3
What is the thousands digit of (25263/(-12))/(-1) + 1/(-4)?
2
What is the tens digit of (-66112)/(-128)*(12*-1)/(-2)?
9
Let f(q) = -7*q**2 - 5*q + 24. Let c(d) = -15*d**2 - 9*d + 49. Let j(v) = 6*c(v) - 13*f(v). What is the units digit of j(-15)?
2
Let v = -2333 + 3324. What is the units digit of v?
1
Let g = -20 + 6. What is the tens digit of 2/g - 15075/(-175)?
8
Let i(v) = -35*v**3 - v**2 + 2*v - 5. Let b(h) = -69*h**3 - 2*h**2 + 3*h - 9. Let d(a) = 4*b(a) - 7*i(a). What is the tens digit of d(-1)?
3
Suppose 1097 + 315 = 3*j - 2*t, -2350 = -5*j + 5*t. What is the units digit of j?
2
Suppose -9 = 2*s - 5*s - 5*w, -4*s + 12 = -2*w. What is the hundreds digit of (-6)/(-12) + s + (-527)/(-2)?
2
Let q = 113 - 103. What is the hundreds digit of (-6)/q + (-4 - 1056/(-10))?
1
Suppose 212 + 149 = 19*n. What is the units digit of n?
9
Let d(y) = -y**2 + 18*y + 30. Let o = -29 + 47. What is the tens digit of d(o)?
3
What is the hundreds digit of 30/(-20) - 919/(-2)?
4
Suppose -2*l - 4*q - 16 = 0, -2*l - 16 + 3 = q. Let m(g) = 4*g**3 - g**2 + 4*g + 3. Let d be m(-3). What is the tens digit of ((-7)/(-3))/(l/d)?
4
Let n = -81 + -74. What is the units digit of (-27)/9 - (0 + n)?
2
Let r(q) = 2*q - 1. Let a be r(4). Suppose a*s = 2*s, 0 = -3*g - s - 36. Let z = g + 18. What is the units digit of z?
6
Let x = 9 - 7. Suppose -s - 2*s + q + 17 = 0, x*q = s + 1. Suppose -i = -2*r - 2*i + s, -3 = -3*r - 3*i. What is the units digit of r?
6
Let a be -3 - 2 - -6 - (-1 + -33). Suppose 5*v - 5*y = 245, -3*y + a = 2*v - 63. What is the tens digit of v?
4
Let a(h) = 19*h**3 - h**2 - 3*h - 69. What is the tens digit of a(6)?
8
Let b(p) = -p**3 + 6*p**2 + 2. Let t be b(6). Let d be -3 - -13 - (t + 1). Suppose 0 = 5*k - d*k + 70. What is the tens digit of k?
3
Let c(s) = -4*s + 6*s**2 - 3 + s**3 + s + s. Let z be c(-6). Let d = z - 4. What is the units digit of d?
5
Suppose 0 = -15*n + 13*n + 58. Suppose -17*a - 2076 = -n*a. What is the units digit of a?
3
Suppose 2058 = -5*j + 543. Let g = j - -439. What is the units digit of g?
6
Suppose 0 = 3*l - 2*d - 75 + 67, 4*l - 5 = -3*d. Let x(y) = -2*y - 6. Let j be x(-5). Suppose z - 9 = -l*m + j, -27 = -2*z - 5*m. What is the tens digit of z?
1
Suppose -8*t + 4853 = -22115. What is the hundreds digit of t?
3
Let h(f) be the second derivative of 163*f**3/6 + 5*f**2/2 + 23*f. What is the units digit of h(1)?
8
Let s(b) = 3*b**2 + 2*b - 1. Let l be 99/15 - 2/(-5). Let p(k) = k**2 - 8*k + 10. Let m be p(l). What is the units digit of s(m)?
2
Let a(q) = q**2 + 21*q + 21. Let h be a(-21). What is the units digit of ((-4)/(-30)*h)/(1/10)?
8
Suppose 32*k = 34*k - 2638. What is the units digit of k?
9
Suppose -4161 = -5*c - 516. What is the units digit of c?
9
Suppose -u + 584 = -0*u. Let s = -333 + u. What is the units digit of s?
1
Let j = -1111 - -1657. Suppose 4*b = -106 + j. What is the hundreds digit of b?
1
Let n(b) = -b + 7. Let p be n(3). Suppose -p*m - 42 = -2*u, 5*u + 0*m = -m + 50. What is the tens digit of u?
1
Suppose -2 = 4*o - 14. Suppose 7*h = o*h + 172. What is the units digit of h?
3
Let m(p) = 16*p**2 - 132. What is the hundreds digit of m(10)?
4
Let g(j) = 4*j**2 - 2. Let w be g(2). Suppose 17*s - 108 = w*s. What is the tens digit of (-3)/(-3) + s - -4?
4
Suppose -86*j + 2*v = -91*j + 2463, 4*v = -3*j + 1475. What is the hundreds digit of j?
4
Suppose 3*t - 1771 = 818. What is the tens digit of t?
6
Suppose 4*w + k - 7 = 4*k, w = 4*k - 8. Suppose 180 = w*q + 4*f, 4*q + f = 4*f + 159. Suppose n - q - 14 = 0. What is the units digit of n?
6
Let m = 6132 + -3828. What is the units digit of m?
4
Let b = -7 + 9. Suppose m - 4*c + 3*c = 3, -4*c = -b*m + 2. Suppose 4*k - 81 = 5*u, m*k + 2*u = -0*k + 60. What is the tens digit of k?
1
Suppose 3*c + 2*y = 7*c - 1640, -4*y - 1225 = -3*c. Suppose -f - 224 = -4*d, 5*d + 3*f - c = -148. What is the tens digit of d?
5
Suppose -98 + 108 = 2*d. Suppose 4*v - 2*j = -v + 354, -5*v - d*j = -340. What is the units digit of v?
0
Suppose -3*z = 7*w - 9*w + 2143, -2*z = -w + 1073. What is the hundreds digit of w?
0
Suppose 5*r = 4*m - 38, 0*r + 29 = 5*m + 3*r. Let p(g) = 2*g**2 - 6*g - 3. What is the tens digit of p(m)?
5
Let r be -7*(-3 - (0 + -2)). Suppose 4*q = r + 1. Suppose 5*g + 4 = q*k - 1, -30 = -k - 3*g. What is the units digit of k?
5
Let k be (-2)/(-4) + 4375/10 + 6. Let w = k - 188. What is the units digit of w?
6
Let g = 1508 + -382. What is the tens digit of g?
2
Let p(a) = 11*a - 15. Let g(b) = b**2 - b - 1. Let l be g(3). What is the tens digit of p(l)?
4
Suppose -5 = a + 93. Let k = 148 + a. What is the tens digit of k?
5
Let z(q) = 11*q**2 - 4*q - 8. Let h(m) = -11*m**2 + 3*m + 7. Let i(w) = -3*h(w) - 2*z(w). What is the tens digit of i(3)?
9
Let i(o) be the first derivative of -o**4/4 + 5*o**3/3 - o**2 + 3*o + 10. Let r = 6 - 2. What is the tens digit of i(r)?
1
Let m(u) = -2*u + 32. Let x be m(13). Suppose 3*s - 3*l = -0*s + 9, 2*l - x = -4*s. Let a = 5 - s. What is the units digit of a?
3
Let b(u) = 4*u**2 + 4*u - 32. Suppose 3*w + 1 = m, -w + 3 - 1 = 0. What is the hundreds digit of b(m)?
1
Let y(v) = v**3 + 7*v**2 - 30*v + 9. What is the hundreds digit of y(7)?
4
Let o(s) = 13*s**3 + 3*s**2 + 24*s - 58. What is the thousands digit of o(5)?
1